{"id":124,"date":"2021-04-02T19:35:32","date_gmt":"2021-04-02T17:35:32","guid":{"rendered":"https:\/\/new.pujcovani.cz\/?page_id=124"},"modified":"2021-04-27T10:25:32","modified_gmt":"2021-04-27T08:25:32","slug":"kontakty","status":"publish","type":"page","link":"https:\/\/new.pujcovani.cz\/index.php\/kontakty\/","title":{"rendered":"Kontakty"},"content":{"rendered":"\n<p>Up\u0159ednostn\u00edme kontaktov\u00e1n\u00ed mailovou komunikac\u00ed, po telefonu bohu\u017eel nejsme schopni sd\u011blit v\u00fd\u0161i akontace, d\u00e9lku a v\u00fd\u0161i spl\u00e1tek ani obsah smluv.<\/p>\n\n\n\n<div class=\"wp-block-image\"><figure class=\"alignright size-large is-resized\"><img loading=\"lazy\" src=\"https:\/\/new.pujcovani.cz\/wp-content\/uploads\/2021\/04\/bmw_i3.png\" alt=\"\" class=\"wp-image-259\" width=\"568\" height=\"288\" srcset=\"https:\/\/new.pujcovani.cz\/wp-content\/uploads\/2021\/04\/bmw_i3.png 568w, https:\/\/new.pujcovani.cz\/wp-content\/uploads\/2021\/04\/bmw_i3-300x152.png 300w\" sizes=\"(max-width: 568px) 100vw, 568px\" \/><\/figure><\/div>\n\n\n\n<p><strong>RENT AND STORE s.r.o.<\/strong><br>Jaurisova 515<br>140 00 Praha 4<\/p>\n\n\n\n<p>+420 722 773 777<\/p>\n\n\n\n<p>+420 722 100 011<\/p>\n\n\n\n<p><a href=\"mailto:rentstore@seznam.cz\">rentstore@seznam.cz<\/a><\/p>\n\n\n\n<p><a href=\"mailto:info@pujcovani.cz\">info@pujcovani.cz<\/a><\/p>\n\n\n\n<p><a href=\"mailto:pujcovani@pujcovani.cz\">pujcovani@pujcovani.cz<\/a><\/p>\n\n\n\n<p>FB: <a rel=\"noreferrer noopener\" href=\"https:\/\/www.facebook.com\/profile.php?id=100011581090784\" data-type=\"URL\" data-id=\"https:\/\/www.facebook.com\/profile.php?id=100011581090784\" target=\"_blank\">Rent AndStore<\/a><\/p>\n\n\n\n<p>I\u010cO: 04966945<\/p>\n\n\n\n<p>DI\u010c: CZ04966945<\/p>\n","protected":false},"excerpt":{"rendered":"<p>Up\u0159ednostn\u00edme kontaktov\u00e1n\u00ed mailovou komunikac\u00ed, po telefonu bohu\u017eel nejsme schopni sd\u011blit v\u00fd\u0161i akontace, d\u00e9lku a v\u00fd\u0161i spl\u00e1tek ani obsah smluv. RENT AND STORE s.r.o.Jaurisova 515140 00 Praha 4 +420 722 773 777 +420 722 100 011 rentstore@seznam.cz info@pujcovani.cz pujcovani@pujcovani.cz FB: Rent AndStore I\u010cO: 04966945 DI\u010c: CZ04966945<\/p>\n","protected":false},"author":1,"featured_media":0,"parent":0,"menu_order":0,"comment_status":"closed","ping_status":"closed","template":"","meta":[],"_links":{"self":[{"href":"https:\/\/new.pujcovani.cz\/index.php\/wp-json\/wp\/v2\/pages\/124"}],"collection":[{"href":"https:\/\/new.pujcovani.cz\/index.php\/wp-json\/wp\/v2\/pages"}],"about":[{"href":"https:\/\/new.pujcovani.cz\/index.php\/wp-json\/wp\/v2\/types\/page"}],"author":[{"embeddable":true,"href":"https:\/\/new.pujcovani.cz\/index.php\/wp-json\/wp\/v2\/users\/1"}],"replies":[{"embeddable":true,"href":"https:\/\/new.pujcovani.cz\/index.php\/wp-json\/wp\/v2\/comments?post=124"}],"version-history":[{"count":14,"href":"https:\/\/new.pujcovani.cz\/index.php\/wp-json\/wp\/v2\/pages\/124\/revisions"}],"predecessor-version":[{"id":402,"href":"https:\/\/new.pujcovani.cz\/index.php\/wp-json\/wp\/v2\/pages\/124\/revisions\/402"}],"wp:attachment":[{"href":"https:\/\/new.pujcovani.cz\/index.php\/wp-json\/wp\/v2\/media?parent=124"}],"curies":[{"name":"wp","href":"https:\/\/api.w.org\/{rel}","templated":true}]}}